is 20376 + -8?
20368
In base 10, what is 1676 + 55?
1731
In base 2, what is 1111 - -10111?
100110
In base 16, what is -2 - 827f9?
-827fb
In base 15, what is 4650 + 1?
4651
In base 11, what is -26aa - -940?
-186a
In base 4, what is 2 + -1032123201?
-1032123133
In base 15, what is 83cb - 0?
83cb
In base 5, what is -3 + 203402?
203344
In base 11, what is 410a - 11?
40a9
In base 5, what is -32 + 112020?
111433
In base 11, what is -a + 13a97?
13a88
In base 14, what is 2 + 56?
58
In base 16, what is -2e + -b27?
-b55
In base 13, what is 53 + -65?
-12
In base 8, what is 1537375 + -2?
1537373
In base 10, what is 5 + 113469?
113474
In base 16, what is 838b + 0?
838b
In base 2, what is 10001100111000010 - 101?
10001100110111101
In base 10, what is 582 - 667?
-85
In base 16, what is -92f + 27?
-908
In base 14, what is a - 1c5c9?
-1c5bd
In base 3, what is -12120202 - -1?
-12120201
In base 10, what is 12452 - 3?
12449
In base 14, what is 1021c - -2?
10220
In base 8, what is -24 - 3457?
-3503
In base 14, what is -6 + 51?
49
In base 6, what is 33 + 23540?
24013
In base 12, what is 136a3 + 2?
136a5
In base 14, what is 1 + 143?
144
In base 4, what is -23113011 - 2?
-23113013
In base 16, what is 125e02 - -4?
125e06
In base 12, what is -1583 + 1?
-1582
In base 15, what is -85b - 32?
-88d
In base 12, what is -3 - 5527?
-552a
In base 6, what is -105 - -254512?
254403
In base 6, what is -11 + -435112?
-435123
In base 7, what is 102214 + 5?
102222
In base 2, what is -101 - -101010000001111?
101010000001010
In base 14, what is 29c - 175?
127
In base 15, what is -4bc0c8 + 4?
-4bc0c4
In base 7, what is 20 - -116403?
116423
In base 13, what is -9 - -17b1?
17a5
In base 6, what is -53213 - -33?
-53140
In base 3, what is 1 - -121122210?
121122211
In base 3, what is 112 - -22221000?
22221112
In base 8, what is 12567 - -2?
12571
In base 16, what is -1ada + -b?
-1ae5
In base 5, what is 11440 + -3?
11432
In base 14, what is a231 + 5?
a236
In base 13, what is 247 + 2423?
266a
In base 3, what is -110012212 + 102?
-110012110
In base 9, what is -5220 + 5?
-5214
In base 12, what is -1533 - -5?
-152a
In base 2, what is -1011001011111111 + -101?
-1011001100000100
In base 5, what is -1242403024 + -2?
-1242403031
In base 11, what is -60 - -1650a?
1645a
In base 2, what is -1011000 - 101111001?
-111010001
In base 14, what is -1 - -85061?
85060
In base 9, what is 13513 + -283?
13220
In base 16, what is -2c + 16e?
142
In base 16, what is -5 + -c9?
-ce
In base 7, what is 124306 - 31?
124245
In base 14, what is 8c5 - 23d?
686
In base 14, what is 71 + -3b1?
-340
In base 15, what is 41b70 - 3?
41b6c
In base 2, what is -1 + -10000001110110?
-10000001110111
In base 2, what is -11011011001 + -101001110100?
-1000101001101
In base 13, what is 3888 + 2c?
38b7
In base 8, what is 2 - 34476?
-34474
In base 2, what is 11010 - 11010111101?
-11010100011
In base 15, what is 13c314 - -4?
13c318
In base 11, what is -43681 - 1?
-43682
In base 16, what is 95 + 4ed?
582
In base 7, what is -14250 + -460?
-15040
In base 2, what is 101101110101010001 - 110?
101101110101001011
In base 6, what is -1012 + -1220?
-2232
In base 4, what is 0 + -21003322?
-21003322
In base 6, what is -15 + 114010?
113551
In base 3, what is 0 - -1101210002?
1101210002
In base 12, what is 1762 - -b?
1771
In base 6, what is -13 - 1202134?
-1202151
In base 10, what is 351 - 87?
264
In base 14, what is 19c8d3 + -1?
19c8d2
In base 7, what is 31 - 622534?
-622503
In base 5, what is -4 + -10032?
-10041
In base 10, what is 671 - 710?
-39
In base 9, what is -28 + -7460?
-7488
In base 16, what is -2ada0 - 9?
-2ada9
In base 15, what is -5 + -7583?
-7588
In base 9, what is 276460 + 6?
276466
In base 3, what is 201 - -2221?
10122
In base 5, what is -10 - 111133?
-111143
In base 4, what is -113 - 30303022?
-30303201
In base 2, what is 11111100 + -1000000101?
-100001001
In base 14, what is 1 + -35cd0?
-35ccd
In base 2, what is 100 + 1001000111111110111?
1001000111111111011
In base 6, what is -234215 + -30?
-234245
In base 11, what is 137a - 30?
134a
In base 11, what is 25aa - -152?
2751
In base 8, what is 1 + 1216120?
1216121
In base 15, what is 5 + 28cb3?
28cb8
In base 6, what is -2 - 25252243?
-25252245
In base 3, what is 110121 - 110110?
11
In base 3, what is 210122112 - -2?
210122121
In base 10, what is 10815 + 2?
10817
In base 3, what is 12010 + -121?
11112
In base 14, what is 4ab00 + -23?
4aabb
In base 9, what is -748 - 82?
-841
In base 2, what is -100 + 101010100?
101010000
In base 14, what is -102 - 224?
-326
In base 4, what is -320322211 - 10?
-320322221
In base 14, what is a + -6b7d?
-6b73
In base 14, what is -d383 + -1?
-d384
In base 4, what is 2112 - -11233?
20011
In base 14, what is -6a7c - 5?
-6a83
In base 8, what is -16140 + -113?
-16253
In base 15, what is 10b - -13b?
247
In base 8, what is 341 - -120?
461
In base 14, what is 1685 - 794?
cd1
In base 7, what is -55 - -1311?
1223
In base 6, what is -33 - 301311?
-301344
In base 13, what is -32588 - -3?
-32585
In base 7, what is 3364242 - -12?
3364254
In base 10, what is -3 + 619127?
619124
In base 14, what is 9 + 815?
820
In base 10, what is -3203800 - 2?
-3203802
In base 13, what is 22c68 - 0?
22c68
In base 5, what is -113 + 13114?
13001
In base 12, what is 41 + -1a50?
-1a0b
In base 14, what is 2 + 3aa69?
3aa6b
In base 2, what is 10000 - 110010111100?
-110010101100
In base 11, what is -801 - -79?
-733
In base 5, what is -1414402 + 1?
-1414401
In base 2, what is 100 + 11100101000000?
11100101000100
In base 11, what is -34 - 5214?
-5248
In base 2, what is 1110101111001 + -101?
1110101110100
In base 12, what is -3260 + 1?
-325b
In base 7, what is 161 + 4530?
5021
In base 2, what is -100 - -10100110001011010?
10100110001010110
In base 14, what is -1d + d4?
b5
In base 11, what is 129 + 4819?
4947
In base 13, what is -1020c + -a?
-10219
In base 14, what is -8079d + 3?
-8079a
In base 3, what is 1001002 + 0?
1001002
In base 4, what is 123 - -12021220?
12022003
In base 9, what is 263 + -2347?
-2074
In base 5, what is -4232121 - 2?
-4232123
In base 10, what is 1 - -52708?
52709
In base 11, what is 27977 + -6?
27971
In base 13, what is 5 - -3903?
3908
In base 5, what is 14024 - 1201?
12323
In base 8, what is 14251 + 46?
14317
In base 7, what is -14504 - -13?
-14461
In base 16, what is 5 + -19d06?
-19d01
In base 15, what is 1ac1 - -158?
1c29
In base 13, what is 24 + -7c9?
-7a5
In base 14, what is 28248d + 1?
282490
In base 2, what is -101 + -1101100110111111?
-1101100111000100
In base 16, what is -a4c - -19e?
-8ae
In base 8, what is -1 - -131577?
131576
In base 5, what is -1 - 13144?
-13200
In base 9, what is 11408 + 5?
11414
In base 6, what is -1132 - 1330?
-2502
In base 15, what is -72a06 + -3?
-72a09
In base 15, what is -5e253 + -a?
-5e25d
In base 6, what is 3 + 1334025?
1334032
In base 15, what is a715e + -5?
a7159
In base 13, what is -36694 - -1?
-36693
In base 6, what is 2540 - 13322?
-10342
In base 16, what is 2f2c6b - -4?
2f2c6f
In base 5, what is 13104112 + -1?
13104111
In base 14, what is 85cd5 - -4?
85cd9
In base 14, what is -1380 - -12?
-136c
In base 10, what is -270 - -349?
79
In base 13, what is -1698 - 83?
-174b
In base 8, what is -15166 + 267?
-14677
In base 2, what is -10100000110 - 101100?
-10100110010
In base 16, what is -4db + 78?
-463
In base 11, what is 3 - -1064a6?
1064a9
In base 15, what is c1 - 1ec?
-12b
In base 6, what is 5 + -2142413?
-2142404
In base 7, what is 2 + 322444?
322446
In base 7, what is 12313 + -33?
12250
In base 13, what is -202 + 9c?
-133
In base 5, what is 14 + 222431?
223000
In base 6, what is 453 + 402345?
403242
In base 6, what is 2 - 14251050?
-14251044
In base 2, what is -101110 - -111101001?
110111011
In base 10, what is -3 - 7566?
-7569
In base 2, what is 0 - 1011111101101?
-1011111101101
In base 12, what is -1678 + 997?
-8a1
In base 16, what is -3e + -3b0?
-3ee
In base 9, what is -8122 - -8?
-8113
In base 9, what is -1536 + -10?
-1546
In base 4, what is 1 + -13211130?
-13211123
In base 12, what is 525 - 478?
69
In base 2, what is 110110111100 + 10?
110110111110
In base 14, what is 8c + -9b2?
-924
In base 10, what is -29 + 4163?
4134
In base 6, what is -10234 - 5041?
-15315
In base 13, what is -1a2 - 25?
-1c7
In base 8, what is 2335 + 1343?
3700
I